**2 + w - 2. Let u(j) = m(j) + 2*z(j). List the prime factors of u(c).
2
Suppose 0*r = -3*r + 3*c + 228, -2*c = -4. What are the prime factors of r?
2, 3, 13
Let j(h) be the first derivative of 5*h**2/2 - 4*h + 4. What are the prime factors of j(3)?
11
Let k = 32 + -12. List the prime factors of k.
2, 5
Suppose g + 2*r = -3*r + 70, 4*r + 263 = 5*g. What are the prime factors of g?
5, 11
What are the prime factors of (4 + 3 + -9)*698/(-4)?
349
Let c be 14/(-35) + 24/10. Suppose 0*q - 11 = -q + d, 0 = c*d. List the prime factors of q.
11
What are the prime factors of (-25)/(-5 - -10) - -136?
131
Let u(v) = -v**3 - v**2 + 13. Suppose -16 = 4*k, 3*l - k = -0*k + 4. What are the prime factors of u(l)?
13
Let r(c) = -c**3 + 3*c**2 - 2. Let p be r(2). Let d be (6/10)/(p/10). Suppose 0 = d*o - 8*o + 15. List the prime factors of o.
3
Suppose -2*l = -0*c + 4*c - 30, 0 = 2*c - 6. Let p = 5 + l. List the prime factors of p.
2, 7
Suppose -4*q + 11 = 5*o, 3*o + 8 = 4*q - 11. Suppose z - q*v = 4, -18 + 69 = 3*z + v. Let s = z - 5. What are the prime factors of s?
11
Let x be (52/6)/((-2)/6). Suppose 5*p = -65 + 250. Let w = p + x. What are the prime factors of w?
11
Let u(m) = -19*m. What are the prime factors of u(-3)?
3, 19
Let m = 401 - 229. What are the prime factors of m?
2, 43
Suppose -3*y + 30 = -2*l - 16, 74 = 5*y - 2*l. What are the prime factors of y?
2, 7
Suppose 0 = -5*v - 6*m + 2*m + 760, -5*m + 608 = 4*v. What are the prime factors of v?
2, 19
Suppose 2*d - 17 = -i - 2*i, 0 = -4*i - d + 16. Let m = 6 - i. Suppose 5*n - 35 = -5*w, 4*w + 3*n - 3 = m*w. What are the prime factors of w?
3
Suppose 0 = -0*v - 2*v + z + 11, 4*v - 32 = 4*z. Suppose -20 = -n + 2*t + 2*t, v*n = 5*t + 53. List the prime factors of n + 5 + (-3 - 0).
2, 3
Let o = -71 - -144. What are the prime factors of o?
73
Suppose -f + 3*p + 12 = 0, 4 = -f - 4*p - 5. Suppose l - 10 = f*t, -4*l = -2*l + 4*t. Suppose -l*z = z - 10. List the prime factors of z.
2
Let y(m) = 2*m**2 - 5*m - 5. List the prime factors of y(-4).
47
Let y = -1 - -6. Let v = y + -6. What are the prime factors of 2 - 4*v*2?
2, 5
Let y = -20 - -64. What are the prime factors of y?
2, 11
Suppose 0*b - 5 = -b. What are the prime factors of b?
5
Let l(o) = 2*o**2 + o + 2. Let u(j) = -2*j - 11. Let r(y) = -6*y - 34. Let m(z) = 5*r(z) - 16*u(z). Let v be m(-4). List the prime factors of l(v).
2
List the prime factors of -2*(-2 + (-25)/2).
29
Suppose -112 = -3*l + 5*d, 5*d + 4 - 9 = 0. List the prime factors of l.
3, 13
Let g(m) = 5*m**2 + 6*m + 4. What are the prime factors of g(-5)?
3, 11
Suppose 5*h = -3*q - 57, 0 = 2*h - 0*h + 4*q + 20. Suppose 0*j - 4*y + 108 = 5*j, 4*j = -2*y + 84. Let s = h + j. List the prime factors of s.
2
Suppose c = 6*c - 20. Suppose 2*m + 0*m = c. Suppose -2*l + m = -l. List the prime factors of l.
2
Let w be 1 + 52 + -2 + 0. Let i = w - 36. List the prime factors of i.
3, 5
Suppose -c - 3*c + 8 = 0. Suppose 192 - c = 5*q. List the prime factors of q.
2, 19
Suppose 0 = 3*p + 54 - 204. List the prime factors of p.
2, 5
Let s(u) = u**3 + 10*u**2 + 11*u - 1. List the prime factors of s(-8).
3, 13
Suppose -2*b - 5*a + 21 = 0, -5*a = b - 0*b - 3. What are the prime factors of b?
2, 3
Let t(j) = j**2 + 9*j + 11. Let k be (8/6)/1*-6. Let g be t(k). Suppose g*w + 12 = 36. List the prime factors of w.
2
Let k be ((-3)/12)/(1/(-4)). Let t(y) = -y**3 - 3*y - 3. Let x be t(-2). Let o = x + k. List the prime factors of o.
2, 3
Suppose 0 = -7*d + 3*d + 64. Let n = d - 6. What are the prime factors of (-6)/15 + 94/n?
3
Let h = 7 - 8. Let u(r) = -14*r**3 - 2*r**2 - r. List the prime factors of u(h).
13
Let t = 5 + -1. Suppose 5*u - 3*k - 16 = 0, 0 = 4*u - k - t - 6. List the prime factors of u.
2
Suppose 2*l + 26 = 4*l - 2*d, 0 = -2*d - 8. Let o(v) be the first derivative of v**3/3 - 3*v**2 - 13*v - 1. List the prime factors of o(l).
2, 7
Let g be 1 - (-5 - (-3 - -2)). Suppose 13 = g*v - 4*v. List the prime factors of v.
13
Let s(r) = -r**2 + 13*r - 13. Let n = -12 - -21. What are the prime factors of s(n)?
23
Let d(w) = 5*w**2 + 9*w - 14. List the prime factors of d(4).
2, 3, 17
What are the prime factors of (-163)/(-4) + 2/8?
41
Suppose 0 = 3*i + u - 25, 3*u = -i + 11 + 8. List the prime factors of i.
7
Suppose r + g = -2*g + 210, -4*g - 1069 = -5*r. Suppose -6*z + 21 = -r. What are the prime factors of z?
3, 13
Suppose -637 = -4*o + 179. List the prime factors of o.
2, 3, 17
List the prime factors of (3/1)/(6/260).
2, 5, 13
Let g(f) = f**2 - 2*f - 5. Let s = -6 + 10. Let r be g(s). Suppose r*d - 36 = -d. What are the prime factors of d?
3
Let p(g) = -2*g**3 + g**2 - g - 2. Let k be (-8)/6 + (-4)/6. List the prime factors of p(k).
2, 5
Suppose 0 = i - 31 + 10. What are the prime factors of i?
3, 7
Let l(m) = -1. Let u(a) = -a - 1. Let r(t) = -l(t) + 4*u(t). Suppose -3*j - 4*b - 17 = 0, 4*j - 2*b + 7 = -1. What are the prime factors of r(j)?
3
Suppose -4*k + 43 = l + 11, 0 = -k + 5. Let i = 6 + -3. Let a = l - i. What are the prime factors of a?
3
Let c(z) = z + 29. What are the prime factors of c(0)?
29
Suppose -11*o + 756 = -5*o. List the prime factors of o.
2, 3, 7
Let u = 1 + 2. Suppose m - 17 = -u*j, -m + 2*j + 20 = -2. List the prime factors of m.
2, 5
Let v be ((-2)/3)/(5/30). What are the prime factors of v*(2 + 10/(-4))?
2
Let b(j) = -j**3 - 7*j**2 - 4*j - 10. Let v be b(-7). Suppose x - v = -4. List the prime factors of x.
2, 7
Suppose 9 = -2*i + 5*i. Suppose -18 = -0*h + i*h. List the prime factors of 4/((-2)/h*3).
2
Let a = -24 - -33. What are the prime factors of a?
3
What are the prime factors of (-1)/(-7) + 275/35?
2
Let a = 0 - -35. List the prime factors of a.
5, 7
Let i(q) = q**3 - 4*q**2 - 9*q - 2. Let z(t) = -1. Let u(y) = i(y) - 5*z(y). What are the prime factors of u(6)?
3, 7
Suppose 316*c + 516 = 318*c. List the prime factors of c.
2, 3, 43
List the prime factors of (-184)/(-4) - (15/(-3) - -3).
2, 3
Let k(x) = -x**2 + 2*x + 2. Let l be k(3). What are the prime factors of 13 + (6*l)/(-2)?
2
Let j = -24 - -76. Suppose 3*o - 7*o = -j. What are the prime factors of o?
13
Let v(n) = n**3 + 9*n**2 + 6*n - 10. Let y be v(-8). What are the prime factors of ((-4)/y)/(4/(-54))?
3
Let z(y) = -y**2 - 25*y - 13. List the prime factors of z(-13).
11, 13
What are the prime factors of (-4 + 4)/1 + 50?
2, 5
Suppose -194 = -4*p + 5*y, 3*p = y - 2*y + 136. List the prime factors of p.
2, 23
Suppose 0 = -2*g + 3*g - f + 12, -3*g - 32 = -5*f. Let t = 17 - -10. Let z = t + g. List the prime factors of z.
13
Let j be 0*(1 + 9/(-6)). Suppose j = -3*t + 5*p + 49, -3*t + 3*p = t - 47. What are the prime factors of t?
2
Suppose 0 = -2*g - 0 - 8. What are the prime factors of (-11 + g)/(-1*1)?
3, 5
Suppose 46*b - 50*b + 800 = 0. List the prime factors of b.
2, 5
Let h be (-1)/(-5) + (-1914)/(-30). Suppose -4*i - h = -4*t, -76 = -5*t + 2*i - i. List the prime factors of t.
3, 5
Let l = 1 - 3. Let h be (15/10)/((-1)/l). Suppose 2*m - s - 15 = 0, -5*m + 12 = h*s - 20. List the prime factors of m.
7
List the prime factors of 86 + 2*15/(-10).
83
Suppose -2*g = -0*g. Suppose g*h - 16 = -2*h. List the prime factors of h.
2
Suppose 0 = 2*h + 6, 4*n + 8 = 6*n + 2*h. What are the prime factors of n?
7
List the prime factors of 1*104 - -1 - 4.
101
Suppose 2*j = 3*a + 26, 3*j + a = 21 - 4. Suppose -q - 2 = -j. List the prime factors of q.
5
Suppose -j - a + 66 = -52, -3*j + 362 = -a. List the prime factors of j.
2, 3, 5
Let v = 323 + -34. What are the prime factors of v?
17
Let t = -225 - -504. What are the prime factors of t?
3, 31
Let m(k) = k - 1. Let z(p) = -p**2 + p + 4. Let g be z(3). Let x be (-56)/(-9) + g/9. List the prime factors of m(x).
5
Suppose 7*a = 5*a. Suppose -p + 29 = -5*l + 3*l, 3*p - 3*l - 90 = a. Suppose 3 = b + z, -5*b - 3*z + p = -2*z. List the prime factors of b.
7
Suppose -2*r + 10 = -46. Suppose 5*a - 4*a = r. What are the prime factors of a?
2, 7
Suppose 3*f = -2*f + 70. Let z = 10 - f. What are the prime factors of 9/z*16/(-6)?
2, 3
Let r(v) = v**2 + v - 2. Let d be r(-3). Suppose -u - 1 = d*n, -u + 3*n + 34 = 3*u. What are the prime factors of u?
7
Let a(c) = -3*c**3 - 4*c**2 - 13*c - 14. What are the prime factors of a(-4)?
2, 83
Let u be (3 + 1)/((-4)/(-2)). Suppose 0 = 3*g - u*l - 11